ase 12
48
What is -14 (base 7) in base 12?
-b
What is 4 (base 5) in base 16?
4
Convert -103 (base 6) to base 2.
-100111
What is 4 (base 14) in base 15?
4
2 (base 16) to base 15
2
What is 116 (base 10) in base 3?
11022
0 (base 12) to base 16
0
What is 58 (base 9) in base 13?
41
What is 227 (base 10) in base 2?
11100011
Convert 1001 (base 2) to base 16.
9
-5 (base 15) to base 6
-5
What is -38 (base 10) in base 12?
-32
76 (base 8) to base 4
332
Convert 4 (base 12) to base 2.
100
What is -2 (base 9) in base 3?
-2
-e (base 15) to base 16
-e
Convert 5 (base 9) to base 2.
101
What is -3 (base 4) in base 16?
-3
Convert -136 (base 8) to base 16.
-5e
What is 0 (base 13) in base 8?
0
Convert 1042 (base 5) to base 4.
2103
What is 100 (base 4) in base 15?
11
Convert -214 (base 6) to base 4.
-1102
Convert -2 (base 4) to base 15.
-2
87 (base 9) to base 4
1033
3 (base 13) to base 8
3
-171 (base 14) to base 10
-295
What is 83 (base 12) in base 10?
99
What is -3 (base 12) in base 9?
-3
-4 (base 13) to base 7
-4
What is -304 (base 9) in base 3?
-100011
What is -4 (base 14) in base 15?
-4
Convert -63 (base 14) to base 12.
-73
What is -5 (base 16) in base 9?
-5
Convert 3 (base 13) to base 4.
3
What is -144 (base 6) in base 2?
-1000000
-2 (base 5) to base 8
-2
What is -50 (base 13) in base 10?
-65
What is 177 (base 10) in base 6?
453
-1 (base 9) to base 11
-1
Convert -1303 (base 5) to base 14.
-107
What is -201 (base 4) in base 16?
-21
What is 3 (base 8) in base 6?
3
What is 22 (base 4) in base 15?
a
10111 (base 2) to base 9
25
What is -6 (base 14) in base 10?
-6
Convert -11 (base 3) to base 9.
-4
-1 (base 9) to base 4
-1
5 (base 13) to base 7
5
12 (base 9) to base 16
b
What is -3 (base 13) in base 14?
-3
Convert 32 (base 11) to base 10.
35
Convert -106 (base 11) to base 3.
-11201
What is 8 (base 9) in base 11?
8
-1112 (base 3) to base 12
-35
-c (base 15) to base 9
-13
2 (base 11) to base 13
2
-3 (base 8) to base 9
-3
What is -127 (base 10) in base 9?
-151
Convert -5a (base 16) to base 5.
-330
What is -3 (base 14) in base 3?
-10
What is -100 (base 2) in base 3?
-11
Convert 1b (base 15) to base 4.
122
What is 1d (base 14) in base 13?
21
4 (base 10) to base 16
4
What is -17 (base 16) in base 8?
-27
Convert 10100 (base 2) to base 10.
20
3 (base 6) to base 8
3
Convert 0 (base 3) to base 14.
0
-6 (base 12) to base 13
-6
Convert -3232 (base 4) to base 12.
-17a
What is -8 (base 15) in base 10?
-8
31 (base 9) to base 5
103
45 (base 6) to base 11
27
Convert 5c (base 15) to base 16.
57
What is 2 (base 15) in base 16?
2
What is 1 (base 4) in base 16?
1
Convert -3 (base 9) to base 12.
-3
12 (base 7) to base 6
13
-27 (base 13) to base 16
-21
-20 (base 6) to base 9
-13
Convert -2 (base 13) to base 11.
-2
Convert -2 (base 14) to base 8.
-2
What is -21 (base 4) in base 12?
-9
What is 74 (base 15) in base 5?
414
What is 4 (base 5) in base 4?
10
-10101 (base 2) to base 7
-30
2022 (base 3) to base 10
62
1 (base 6) to base 10
1
4 (base 8) to base 5
4
What is 2d (base 16) in base 10?
45
What is -44 (base 8) in base 5?
-121
What is -4 (base 12) in base 14?
-4
What is -24 (base 5) in base 10?
-14
Convert -101111100 (base 2) to base 11.
-316
What is 106 (base 8) in base 13?
55
-451 (base 7) to base 2
-11101000
-5 (base 8) to base 13
-5
What is 10 (base 2) in base 10?
2
-160 (base 8) to base 5
-422
What is -212 (base 6) in base 16?
-50
What is 24 (base 7) in base 16?
12
-10 (base 3) to base 5
-3
Convert -46 (base 7) to base 13.
-28
What is 46 (base 16) in base 4?
1012
6a (base 11) to base 8
114
Convert d (base 14) to base 13.
10
-30 (base 4) to base 6
-20
3 (base 8) to base 9
3
1 (base 8) to base 15
1
Convert -a (base 13) to base 9.
-11
Convert 1 (base 12) to base 11.
1
-404 (base 8) to base 6
-1112
What is -14 (base 12) in base 16?
-10
-4 (base 15) to base 6
-4
What is -1 (base 8) in base 9?
-1
Convert 1 (base 13) to base 10.
1
-11 (base 4) to base 12
-5
What is -21 (base 16) in base 5?
-113
Convert 3 (base 14) to base 2.
11
Convert -45 (base 7) to base 15.
-23
-a4 (base 13) to base 6
-342
Convert 1 (base 4) to base 8.
1
-41 (base 13) to base 5
-203
What is 1 (base 9) in base 10?
1
What is -81 (base 15) in base 3?
-11111
What is 1 (base 16) in base 4?
1
What is -c (base 16) in base 2?
-1100
156 (base 13) to base 15
110
What is 2 (base 16) in base 10?
2
What is 5 (base 16) in base 5?
10
-113 (base 4) to base 13
-1a
-6 (base 11) to base 16
-6
1b (base 14) to base 11
23
What is 4 (base 5) in base 13?
4
Convert 34 (base 7) to base 3.
221
-176 (base 9) to base 16
-96
Convert -100000110 (base 2) to base 8.
-406
Convert -12 (base 11) to base 10.
-13
3 (base 14) to base 13
3
Convert -3 (base 12) to base 10.
-3
Convert -17 (base 10) to base 11.
-16
341 (base 7) to base 11
150
What is 12 (base 8) in base 2?
1010
-40 (base 15) to base 4
-330
Convert -25 (base 6) to base 8.
-21
Convert 11100 (base 4) to base 11.
286
What is -1 (base 3) in base 10?
-1
2 (base 13) to base 6
2
Convert 111 (base 2) to base 3.
21
Convert -101010 (base 2) to base 6.
-110
What is 5 (base 7) in base 16?
5
3 (base 12) to base 9
3
Convert -1 (base 7) to base 6.
-1
Convert 1 (base 11) to base 2.
1
Convert 0 (base 5) to base 6.
0
Convert -100 (base 2) to base 8.
-4
What is 5 (base 10) in base 8?
5
Convert 0 (base 11) to base 5.
0
Convert 5 (base 16) to base 9.
5
Convert -8 (base 13) to base 4.
-20
47 (base 11) to base 4
303
Convert 7 (base 15) to base 7.
10
0 (base 6) to base 13
0
Convert -12 (base 3) to base 5.
-10
Convert 405 (base 9) to base 5.
2304
What is 10101 (base 2) in base 13?
18
25 (base 14) to base 15
23
What is -22 (base 7) in base 15?
-11
Convert -12 (base 3) to base 14.
-5
Convert -4 (base 15) to base 5.
-4
Convert -122 (base 3) to base 10.
-17
3 (base 4) to base 15
3
Convert 3 (base 11) to base 2.
11
Convert 12 (base 5) to base 2.
111
b (base 16) to base 3
102
0 (base 16) to base 8
0
a (base 12) to base 14
a
What is -5c (base 13) in base 5?
-302
Convert -2 (base 9) to base 4.
-2
What is -5 (base 16) in base 7?
-5
-32 (base 4) to base 15
-e
Convert 0 (base 6) to base 9.
0
What is -90 (base 16) in base 4?
-2100
-6 (base 14) to base 3
-20
What is -100011010 (base 2) in base 9?
-343
-10 (base 2) to base 4
-2
What is -2 (base 5) in base 7?
-2
-10 (base 6) to base 2
-110
Convert 5 (base 12) to base 15.
5
What is -24 (base 9) in base 11?
-20
1001 (base 2) to base 4
21
What is 7 (base 11) in base 12?
7
-5c (base 16) to base 13
-71
-1144 (base 5) to base 7
-336
What is -21 (base 5) in base 10?
-11
Convert 11 (base 10) to base 7.
14
46 (base 9) to base 13
33
5 (base 14) to base 12
5
100 (base 14) to base 3
21021
-7 (base 13) to base 8
-7
Convert 1000 (base 2) to base 14.
8
-8 (base 9) to base 5
-13
22 (base 3) to base 6
12
What is 1 (base 5) in base 7?
1
0 (base 16) to base 5
0
-1 (base 2) to base 16
-1
What is -8 (base 16) in base 9?
-8
Convert 12102 (base 3) to base 12.
102
17 (base 8) to base 14
11
What is 1 (base 11) in base 4?
1
21 (base 7) to base 14
11
142 (base 6) to base 8
76
-14 (base 6) to base 7
-13
Convert 46 (base 8) to base 13.
2c
-12a (base 14) to base 5
-1414
What is 1 (base 12) in base 11?
1
Convert 3222 (base 4) to base 8.
352
What is 1411 (base 5) in base 7?
450
Convert 0 (base 7) to base 8.
0
What is -3 (base 6) in base 15?
-3
Convert -1001 (base 2) to base 11.
-9
-5 (base 8) to base 16
-5
1 (base 9) to base 15
1
Convert 3 (base 7) to base 9.
3
Convert 8d (base 16) to base 4.
2031
What is -220 (base 5) in base 12?
-50
Convert -104 (base 5) to base 7.
-41
Convert 9 (base 14) to base 9.
10
Convert -11 (base 4) to base 13.
-5
What is -93 (base 13) in base 9?
-143
What is 204 (base 6) in base 8?
114
What is 3 (base 12) in base 8?
3
What is -4 (base 15) in base 7?
-4
Convert -66 (base 7) to base 2.
-110000
121 (base 7) to base 8
100
Convert -1001 (base 2) to base 14.
-9
Convert 61 (base 9) to base 2.
110111
4 (base 9) to base 11
4
What is 0 (base 6) in base 14?
0
Convert 11100 (base 2) to base 6.
44
What is 20 (base 3) in base 13?
6
What is 5 (base 10) in base 14?
5
What is 5 (base 16) in base 4?
11
Convert -113 (base 4) to base 8.
-27
17 (base 13) to base 5
40
What is -53 (base 6) in base 2?
-100001
11 (base 8) to base 15
9
What is 6 (base 9) in base 7?
6
-10001 (base 4) to base 15
-122
What is 22 (ba